et k(u) = u**2 - 6*u + 4. Let y(q) be the first derivative of -6*q + 2*q**2 - 2*q**2 + 6 - q**2. Let r be y(-5). What is k(r)?
-4
Let p(j) = 4*j - 10. Let b(o) = -14*o + 9 - 15*o + 10 + 20*o. Let q(n) = -4*b(n) - 7*p(n). Give q(4).
26
Let p(d) be the first derivative of d**4/4 - 7*d**3 - d**2/2 + 25*d + 522. Determine p(21).
4
Suppose -14*g = 807 - 835. Let m(k) be the second derivative of k**3/3 + k**2 + k. Calculate m(g).
6
Let d(q) be the first derivative of q**4/4 - 11*q**3/3 + 11*q**2/2 - 6*q - 1. Let k(b) = b**2 + 15*b + 60. Let c be k(-10). Determine d(c).
4
Let l(u) = u + 1. Let r be l(7). Let p(m) = 146 - 262 - 2*m + 126. Calculate p(r).
-6
Let t(q) = -7*q. Let n(g) = 72*g. Let k(w) = -3*n(w) - 32*t(w). Determine k(2).
16
Let m(n) = -37*n - 32*n - 38*n + 125*n. Let r be (1*-1 + 0)/1. Calculate m(r).
-18
Let b(x) be the first derivative of -4 + x**3 + 2*x + 3/2*x**2 - 1/4*x**4. What is b(-2)?
16
Let l(c) = 779*c**3 + 0 - 778*c**3 - 5*c**2 - 6*c + 7. Let m = 2 + 4. What is l(m)?
7
Let z be (-1)/((50/5)/10). Let q(s) = -3*s**3 + s**2. Determine q(z).
4
Let i(m) = 2*m - 21. Let w(z) = z - 11. Let a(d) = 4*i(d) - 7*w(d). Suppose 49*o = -24*o + 311 - 19. Calculate a(o).
-3
Let b(q) = q**3 - 8*q**2 + 13*q + 7. Let w be b(4). Let m(h) = -h**2 - 3*h + 3. Calculate m(w).
-7
Let f(h) = h - 4. Suppose 0 = -2*p + p - 2*o - 14, -2*p - 3*o - 23 = 0. Let r(y) = -2*y + 9. Let c(i) = p*r(i) - 7*f(i). Give c(4).
-4
Let t(z) = -22 - 6*z - 3*z + 17*z - 7*z. Calculate t(9).
-13
Let c(q) = -q**3 + 7*q**2 - 2*q + 3. Let s be -5 + 7 - (-14 + 10). Determine c(s).
27
Let n(m) = -m**3 + m - 1. Let x(l) = 5*l**3 - 3*l**2 - 8*l + 8. Let s(z) = -6*n(z) - x(z). Determine s(-3).
-8
Let a = -27 + 11. Let b be (-2 - a/6)*3. Let r(i) = 2*i**b + 3 - 4*i + 0*i + 1 - 6. What is r(4)?
14
Let y be ((-5)/((-125)/(-30)))/((-9)/60). Let k(c) = -c + 11. Determine k(y).
3
Let r(k) = -3*k**2 + 1. Suppose v - y = 1, -v + 30 = -5*y + 13. Give r(v).
-26
Suppose -4*a - 10 = 14. Let u = 3 + a. Let c(v) = v + 75 + 70 - 219 + 79. Determine c(u).
2
Let j(s) = -2*s**2 + s + 133 + 3*s**2 - 135. What is j(0)?
-2
Let w(m) = -m - 5. Let z(h) = 2. Let y(x) = -2*w(x) - 5*z(x). Let c(a) be the third derivative of a**4/24 - 5*a**2. Let t be c(-3). What is y(t)?
-6
Let b(k) = -13*k**3 + 34*k**2 + 74*k - 39. Let h(c) = 4*c**3 - 12*c**2 - 24*c + 13. Let l(i) = 2*b(i) + 7*h(i). Calculate l(9).
-5
Let p(v) = 11*v - 4. Let w(d) = -4*d + 1. Let u(a) = -6*p(a) - 17*w(a). Give u(-5).
-3
Let d(v) = -1 - 37*v**3 + v - 3*v**2 + 0*v**2 + 75*v**3 - 2*v - 37*v**3. Suppose 6 + 19 = 5*q, -4*q = -5*k. Let o = k - 1. What is d(o)?
-4
Let t(l) be the first derivative of -2*l**2 - 10*l - 60. Calculate t(-7).
18
Let g(t) = t**3 + t**2 - 2*t. Let n(x) = 2*x**3 - 5*x - 3. Let p be n(-3). Let k be (p/(-35))/(3/20). Suppose 4*s + 0*s + k = 0. Give g(s).
0
Let j(m) be the third derivative of m**6/120 - m**5/30 - 7*m**4/24 - 4*m**3/3 + 15*m**2 + 6*m. Determine j(4).
-4
Let i(q) = q**3 - 7*q**2 + 8*q - 12. Let w be i(6). Suppose 4 = 2*h - 3*h - 2*o, -5*o = w. Let l(f) = f**2 + 6*f + 1. Give l(h).
-7
Let q(j) = 32 + j - 16 - 19. Calculate q(0).
-3
Let o(q) = q**2 - 2*q + 3. Suppose 4*i - f + 11 = -21, -5*i - 3*f = 40. Let d be (1 + 3)*(-4)/i. Suppose -r - d*r = -6. Give o(r).
3
Let y(c) = -28*c + 1. Let l(v) = -2*v. Let n(o) = -4*l(o) + y(o). Give n(1).
-19
Let n(c) = -c**3 - 4*c**2 + 9*c - 2. Suppose -2*u + 6 + 6 = 0. Let z(v) = v**2 - v. Let s(p) = u*z(p) + n(p). Calculate s(3).
-2
Let n = -47 - -51. Let b(t) = -2*t**2 - 4*t + 9. Determine b(n).
-39
Let h(y) = -y**2 + 12*y + 27. Let d be ((-35)/(-10))/((-23)/4 - -6). What is h(d)?
-1
Let u(s) be the second derivative of 2*s**3/3 - 2*s**2 + 4*s. Let g be 2 - (2 - 2) - -1. Determine u(g).
8
Let j(p) = -p**3 + 10*p**2 - 9*p + 4. Suppose 20 = 7*x - 2*x. Let k be ((-72)/x)/(0 + -2). Determine j(k).
4
Suppose -y = -v, 3*y = -4*v + 12 + 2. Let f(w) = -w**3 + 96*w**2 - 5 - 90*w**2 - w + y*w**3. Determine f(-6).
1
Let a(b) be the first derivative of 3*b**2/2 + 24*b - 73. Give a(-16).
-24
Let j(k) = k**3 - 1 + 1 + 2. Suppose -s + 4*u - 20 = -5*s, -4*s + u = -20. Suppose -s*b = 2*x + 2*x + 14, 5*x = 2*b - 1. What is j(b)?
-6
Let f(t) = 7*t - 91. Let y be f(14). Let g be (-2)/((y - 1)/12). Let w(j) = -j**3 - 4*j**2 + j - 2. Determine w(g).
-6
Let l(q) = 4*q + 1. Let b(d) = d**3 - 3*d**2 - 2*d - 4. Suppose i - 5*i = 4, -5*o + i + 16 = 0. Let r be b(o). Let c be 4*1*r/20. What is l(c)?
-7
Let g(k) be the second derivative of 1/120*k**6 - 7/24*k**4 - 1/15*k**5 - 2*k**2 + 7/6*k**3 + k + 0. Let z(l) be the first derivative of g(l). Give z(5).
-3
Let u(s) = -9*s**3 - s**2 - 2*s + 1. Let v(a) = -11*a**3 - a**2 - 2*a + 1. Let g(h) = 6*u(h) - 5*v(h). Calculate g(1).
-1
Let w(i) be the third derivative of -1/6*i**3 - 2*i**2 + 0*i**5 + 1/8*i**4 + 1/360*i**6 + 0 + 0*i. Let r(a) be the first derivative of w(a). Determine r(0).
3
Let n(c) = 22*c**2 + 11 - 5*c + 34*c**2 - 58*c**2. What is n(-4)?
-1
Let r(p) = -p**3 + p**2 + 2*p - 1. Let z be r(2). Let g = -8 + 15. Let b(i) = 3 + 9 - 11 - g*i. Calculate b(z).
8
Let a(w) = 0*w**3 - 2 - w + w**3 + 2*w + 2*w**2. Let u be a(-2). Let m(d) = -3*d + 4*d - 68 + 64. What is m(u)?
-8
Let q(j) be the second derivative of 0 - 1/12*j**4 - 3/2*j**2 - 7/6*j**3 - 2*j. Suppose 0 = 2*c + y + 26 - 10, 26 = -3*c - 2*y. Calculate q(c).
3
Let s(o) be the first derivative of o**4/4 - 11*o**3/3 + 4*o**2 - 6*o + 95. What is s(10)?
-26
Let s(f) = 13*f**3 + f**2 + f + 1. Let c be 8/(-36) + 3/54*-86. Let x be (c/2)/(-5)*(-1 - 1). Determine s(x).
-12
Let y(c) be the second derivative of -c**4/12 - 4*c**3/3 - 5*c**2/2 + 78*c. Let k(a) = -a - 1. Let i be k(-4). Suppose -i*n + 5*n = -14. What is y(n)?
2
Let h(i) = -221*i + 15 + 232*i - 17*i**2 + 4*i**2 + i**3. Determine h(12).
3
Let a(k) = -5 - 2*k + 1 - 1. Let i = 109 + -114. Determine a(i).
5
Let h(q) = -q - 2. Let k be (-98)/(-21) - 1/(6/(-8)). Suppose -7*u = -4*u + k*u. Determine h(u).
-2
Let m(g) = -g**2 + 14*g - 9. Suppose p + 1 = 2*p, -5*w - 2*p + 67 = 0. Calculate m(w).
4
Let g = 8 + 4. Suppose 0 = 4*b - 6*b - 2, 2*p + g = -2*b. Let l(o) = -o + 2. Give l(p).
7
Let f(u) = -u - 3. Let a(g) be the third derivative of -1/3*g**4 + 1/120*g**6 + 5/3*g**3 - 1/12*g**5 + 0 + 0*g + 6*g**2. Let j be a(6). Calculate f(j).
-1
Let c = -16 + 19. Let o(y) be the second derivative of -y**6/360 + y**5/40 + y**4/6 - 3*y. Let f(k) be the third derivative of o(k). What is f(c)?
-3
Let x = 209 + -58. Let t(y) = 74*y + 80*y - x*y + 2. Determine t(3).
11
Let v(k) be the first derivative of k**2/2 + 12*k + 238. Suppose y = 3*y + 16. Determine v(y).
4
Suppose 10*q - 11*q = -5. Suppose q*o - 35 - 15 = 0. Suppose -11*b = -o*b. Let k(u) = u + 3. Determine k(b).
3
Suppose 13 = c + 4*u, -5 = c - 2*u - 3*u. Let n(d) = 19*d + 16*d + d**3 - 33*d + c*d**2. Suppose -4*k - 5*j = -3, -2*k + 0*k + 5*j - 21 = 0. Give n(k).
12
Suppose -5*d + 0*n + 125 = -5*n, 2*n + 72 = 3*d. Let i(p) = -3*p + 67. What is i(d)?
1
Let c(q) be the third derivative of 0*q**3 - 1/6*q**4 + 0*q - 16*q**2 + 0. Give c(1).
-4
Let c(h) = -2*h**2 + 6*h + 5. Suppose 2*a + 53 - 45 = 0. Give c(a).
-51
Let s be ((-36)/21)/((-8)/140). Suppose -2*l - s = l. Let p = l - -6. Let z(g) = -g - 4. What is z(p)?
0
Let v(b) = b**2 + 0 + 6 - 73339*b - 7 + 73339*b. Let j(d) = 7*d + 1. Let q(n) = -10*n - 1. Let g(p) = 7*j(p) + 5*q(p). Let k be g(4). Calculate v(k).
3
Let s(y) be the first derivative of y**3/3 + 3*y**2/2 + 5*y + 1. Suppose -3*u + 20 = u. Suppose -4*g = -u*z - 40, -3*z + z - g - 3 = 0. Calculate s(z).
9
Let d be (55/40)/11*8. Let b(q) = 44*q**2 - 3*q + 2. Determine b(d).
43
Let m(a) = a**2 + 2*a + 11. Let c(i) = -5*i**2 - 9*i - 45. Let k(z) = -2*c(z) - 9*m(z). Give k(-5).
16
Let a = 14 - 46. Let p(h) = -h**3 - 8*h**2 - 8*h - 1. Let u be p(-7). Let t be u/(-15) - a/5. Let r(w) = -w**3 + 7*w**2 - 4*w - 7. Calculate r(t).
5
Let u(s) = 9*s**3 - s**2 + 1. Let w be u(-2). Let g = 25 + -19. Let x be ((-2)/g)/(5/w). Let t(m) = -m**2 + 6*m. Calculate t(x).
5
Let v(x) = -3*x**2 + x - 2. Let z be ((-12)/18)/((-4)/(-18)). Let h be z*(-4)/(-3)*-1. Suppose a = -m + h, m + m = 5*a - 6. What is v(m)?
-12
Suppose 2*q - 30 = -5*d + 19, 3*d = 5*q + 17. Let y(g) = -d*g + 21 - 46 + 29. Determine y(3).
-23
Suppose